 x + 4*o - 51 = 3*o, 5*x + o = 235. Let p = x + -36. Calculate the highest common factor of p and 60.
10
Suppose -36 = -c + 12. Suppose 32*n = 34*n - c. What is the greatest common divisor of 264 and n?
24
Let d(c) be the third derivative of -c**6/120 + 2*c**5/15 + c**4/12 - 7*c**3/6 - 12*c**2. Let o be d(6). Calculate the highest common factor of 11 and o.
11
Let o(k) = -k**3 + 11*k**2 + k + 17. Let g be o(11). What is the greatest common factor of 812 and g?
28
Suppose r = v - 2*v + 40, 2*r = 4*v + 110. Let g = -1267 + 1276. What is the greatest common factor of g and r?
9
Suppose -2*f = w - 72, -2*f + 6*f - 4*w - 132 = 0. Calculate the greatest common factor of 5 and f.
5
Let t be -7*(93/(-42) - (-1)/2). What is the greatest common divisor of t and 828?
12
Let a(s) = 3*s**2 + 18*s + 48. Let y be a(-6). What is the greatest common factor of y and 36?
12
Let b = 15 - 8. Suppose 0 = -b*g + 19 + 2. Suppose g = 3*l - 6. What is the highest common factor of l and 1?
1
Let s(m) = -5*m - 36. Let p be s(-10). Calculate the greatest common factor of p and 112.
14
Suppose 2*p = -4*a + 40, -2*p + a + 10 = -5. Suppose -5*b + 63 - 8 = 4*j, 33 = 3*j + b. Calculate the greatest common factor of j and p.
10
Let j(k) = -24*k + 3. Let n be j(-3). Let c = 35 - -15. What is the greatest common factor of c and n?
25
Let c be (8/(-6))/((-2)/(-3)). Let g be 0/(0 - 0 - c). Let m(p) = -2*p + 8. Let u be m(g). Calculate the greatest common divisor of u and 56.
8
Let t(b) = -b**3 - 5*b**2 - b + 9. Let y be (10/8 - 2)/(1/8). Let q be t(y). What is the highest common divisor of 17 and q?
17
Suppose -348 - 302 = -13*l. What is the greatest common factor of 10 and l?
10
Let u = 245 - 374. Let v = 134 + u. Let i = 13 + -8. Calculate the greatest common factor of i and v.
5
Let p(q) = 0*q**2 - 8*q + q**2 + 3 - 2*q**2. Let n = -205 + 198. Let h be p(n). Calculate the greatest common factor of 15 and h.
5
Let y(q) = 10*q - 239. Let b be y(26). Calculate the highest common divisor of 1029 and b.
21
Let i = 11 - -12. Suppose 22 + i = 5*b. What is the greatest common factor of 9 and b?
9
Suppose 4*b + b = -4*l + 1539, -4*b - 20 = 0. What is the greatest common divisor of l and 17?
17
Let g = 1251 + -1223. Calculate the greatest common factor of g and 12.
4
Suppose -2*o = 8, -4*b + 64 = 2*o - 56. Let x = b + -4. What is the greatest common factor of x and 70?
14
Let t = -23 - -53. Let z(o) = 9*o**2 + o**2 - 17*o**2 - 5 + 6*o**2 - t*o. Let p be z(-13). What is the greatest common factor of 36 and p?
36
Suppose -4*q + 21*s = 26*s - 3, 3*q - 2*s = 31. Let x = -8 + 11. What is the highest common factor of q and x?
1
Suppose 60 = n + 10. Suppose -n = -3*i - 4*m, -3*m + 4*m = 4*i - 73. Suppose -i*w = -22*w + 16. Calculate the highest common factor of 4 and w.
4
Let d(u) = -4*u**2 + 3*u**2 + 14*u - u + 3. Let f be d(10). Calculate the greatest common divisor of f and 231.
33
Let u = 1 + -1. Suppose -i - 2*z + 57 = -z, u = 2*i + 4*z - 108. What is the greatest common factor of i and 15?
15
Let l(j) = 2*j + 2. Let n be l(-5). Let v = -4 - n. Suppose 56 = v*x - 2*w, -4*w - 36 = -3*x - w. What is the greatest common factor of x and 2?
2
Let y(c) = 40*c - 4. Let v be y(5). Calculate the highest common factor of v and 343.
49
Suppose 3*p - 36 = -0. Let k(u) = 2*u - 7. Let w be k(6). Suppose -w*n + o = -184, -n - 4*n - o + 176 = 0. What is the highest common divisor of n and p?
12
Let g(q) = 25*q + 58. Let o be g(2). What is the highest common factor of 918 and o?
54
Suppose 0 = 9*j - 63 - 234. Let p = -26 + j. What is the highest common divisor of p and 28?
7
Let k(h) = 5*h**3 - 5*h**2 - 5*h + 18. Let g be k(4). What is the greatest common factor of 34 and g?
34
Let c be 2/1 - 2 - -10. Suppose 31*v + 3927 = 79*v + 1527. Calculate the highest common divisor of v and c.
10
Let t = 0 - -13. Let c = t + 0. Suppose 8*r - 1170 = -10*r. Calculate the highest common factor of c and r.
13
Let g be (-20)/6*9/(-6). Suppose n - 3*s = -4*n + 179, -g*s = 2*n - 53. Let v = 6 + n. Calculate the greatest common divisor of 8 and v.
8
Suppose 2*j - j - 91 = 0. Let w be (-22)/(-77) - (-388)/14. Suppose 11 = 3*x - w. What is the greatest common factor of j and x?
13
Let k = -93 - -192. Let s(v) = 6*v - 22. Let p be s(10). Suppose 2*r - 14 = -0*o - o, -p = -2*r + 5*o. What is the greatest common divisor of k and r?
9
Let z be -1 - (2 - 53) - -1. Suppose 0 = 2*o - 6. Suppose -3*d - 5*t + 75 = 2*d, -t = o*d - z. What is the greatest common factor of 144 and d?
18
Suppose -3*r = 0, -93 = -3*z + 5*r - 4*r. What is the greatest common factor of z and 31?
31
Let d be 2/(-6) + 6489/27. Calculate the highest common divisor of d and 15.
15
Let m = -11 - -14. Suppose m*z - 2*z = 0. Suppose 4*r = -z*r + 48. Calculate the greatest common factor of r and 24.
12
Suppose -4*p + 1004 = 5*w, 6*w + 5*p = 2*w + 796. Calculate the greatest common divisor of w and 12.
12
Suppose -2*c = -3*k - 36, -59 = -0*c - 3*c + 2*k. Let r = 330 - 316. What is the greatest common divisor of c and r?
7
Let j = 1075 - 845. What is the greatest common factor of j and 184?
46
Let b be 200/(-75)*(-94 - (1 + 1)). What is the highest common factor of 64 and b?
64
Let i(d) = 27*d + 4. Let j be (-1 + -2)/(-3)*3. Suppose q + j*q - 12 = 0. Let g be i(q). Calculate the greatest common divisor of 34 and g.
17
Suppose 4*x = -x - 25, -2*v - 3*x + 77 = 0. Suppose 5*t - v = 9. Calculate the highest common factor of t and 99.
11
Suppose 11*a - 47 - 63 = 0. Let g be 250/a*(4 + -1). Calculate the highest common divisor of g and 25.
25
Let z(y) = -6*y**3 - 25*y**2 - 14*y - 21. Let u be z(-6). Calculate the highest common divisor of u and 102.
51
Let n be (-55 - -51)*(-242)/4. Suppose -5*y + 460 = 4*q, 3*q + 0*q = -y + 334. Suppose a + 4*a = q. What is the highest common divisor of a and n?
22
Suppose -5*l = 17 + 33. Let s = 17 + l. Suppose 4*f + 5*g - 2 - 29 = 0, f + 4*g + 6 = 0. What is the highest common divisor of f and s?
7
Suppose 2*y + 2*y = 12, 2 = -r + 3*y. Calculate the highest common factor of r and 5.
1
Let g be ((-60)/(-10))/(5/(-420)*-6). Let u(w) = w**2 - 5*w - 3. Let n be u(-6). What is the greatest common factor of n and g?
21
Let x = -15 + 27. What is the highest common divisor of x and 276?
12
Suppose 10*m + 137 = u + 12*m, -3*u - 3*m = -417. Calculate the highest common divisor of 752 and u.
47
Let s be (-49)/2*4/(-2). Let y(f) = f**3 - 20*f**2 + 2*f - 9. Let a be y(20). Let j = s - a. Calculate the greatest common divisor of j and 6.
6
Suppose x + 3 = -2*n - 0, 0 = -4*n + 4*x - 24. Let l = n + 5. Let s(p) = -p**2 + 7*p + 61. Let i be s(12). What is the greatest common factor of i and l?
1
Let m be (1 - (-2 + 3)) + -1. Let n be m - (99/(-3))/1. Let w be (n/(-6))/(2/(-3)). What is the highest common factor of 16 and w?
8
Suppose -3*a + 328 = -1142. Suppose 6*s - s = a. What is the greatest common divisor of 14 and s?
14
Let a(m) = 22*m**2 + 89*m + 5. Let l be a(-4). Calculate the highest common divisor of l and 135.
1
Let x(u) = -10*u - 1. Let w be x(-2). Let o = 35 - w. Let k = o + -11. Calculate the highest common divisor of k and 10.
5
Let w be (-145)/(-20) + 8/(160/15). Calculate the highest common factor of 1672 and w.
8
Let l be (8 + -9)/(1/(-400)). Calculate the highest common factor of 80 and l.
80
Let r(c) = -c**2 + 21*c + 4. Let w be r(21). Let z be 4/(35/322*w/5). Calculate the greatest common factor of z and 69.
23
Suppose 2*n - 3*g - 47 = -2*n, -n - g + 10 = 0. Let c(r) = -2*r**2 + 45*r. Let p be c(17). What is the greatest common divisor of n and p?
11
Let c be (4/1)/(22/(-55)). Let z be (-2)/c - 2245/(-25). Calculate the highest common divisor of z and 36.
18
Let m = 136 - 61. Let x = 276 + -159. Let y = x - m. Calculate the highest common factor of y and 14.
14
Let g = 71 - 87. Let l = g - -29. Calculate the greatest common divisor of l and 26.
13
Let y be 36/(-24)*(106/3)/(-1). What is the highest common factor of 1 and y?
1
Let y(k) = -34*k - 146. Let a be y(-5). What is the highest common factor of 144 and a?
24
Suppose 2*j = -377 + 381. What is the greatest common factor of 46 and j?
2
Let w(y) be the first derivative of -9*y**2 - 2*y + 22. Let j be w(-1). Calculate the greatest common factor of j and 32.
16
Let k = -654 - -12